
List the prime factors of 2/(-6) - (-218)/6.
2, 3
Suppose 3*d = -d + 28. What are the prime factors of d?
7
Suppose z = 5*v + 123, -z - z + 260 = -3*v. What are the prime factors of z?
7, 19
Let d(w) = 13*w - 10. Let i(y) = 12*y - 9. Let c(o) = -4*d(o) + 5*i(o). Let v be c(7). Suppose v = 3*x + 15. List the prime factors of x.
2, 3
List the prime factors of ((-1)/((-2)/(-253)))/((-2)/4).
11, 23
Suppose 0 = -6*i + 3*i. Suppose 1 = u + 2*n, -u + 5*n - 3*n + 9 = i. Let p(l) = l**3 - 4*l**2 - l + 3. What are the prime factors of p(u)?
23
Let f(x) = -31*x - 1. Let z be f(-1). Suppose 0*u - z = -2*u. What are the prime factors of u?
3, 5
Let d = 207 + -113. Let l be 4/6 - d/(-3). Suppose 4*j - j - l = 4*o, 5*j - 59 = o. What are the prime factors of j?
2, 3
Let g = -4 + 7. Suppose 2*d = g*s + 15, 3*s - 21 = 4*d - 6*d. List the prime factors of d.
3
Let d(c) = c**2 - 7*c + 2. Let z be d(6). Let f be z/(-2) + (-3 - -3). List the prime factors of (9 - 0) + f/(-1).
7
Suppose 0 = -y + 170 - 118. List the prime factors of y.
2, 13
Let s = -9 - -25. Let g = 1 + s. What are the prime factors of g?
17
Suppose 4 = 4*k - 20. Let a(l) = l**3 - 8*l**2 + 4*l - 5. Let p(z) = -z**3 + 9*z**2 - 5*z + 6. Let t(w) = 3*a(w) + 2*p(w). List the prime factors of t(k).
3
Suppose a + 2*a - 72 = -2*r, -40 = -2*r + 5*a. List the prime factors of r.
2, 3, 5
Let m be 61/4 + 6/(-24). Let z be 5/2*12/m. Suppose 5*k = -0*h + 4*h + 43, -z*k = 2*h - 28. List the prime factors of k.
11
Let q = 17 - -37. List the prime factors of q.
2, 3
Let s = -1 + 12. Let t = s + -6. What are the prime factors of t?
5
Let l(i) = 7*i**3 + 7*i**2 + 7*i + 7. Let u(v) = 11*v**3 + 11*v**2 + 11*v + 11. Let a(c) = -8*l(c) + 5*u(c). What are the prime factors of a(-2)?
5
Let l = 4 - 3. Suppose -8 = 3*w + l, -5*u - 4*w = -43. Let v = -5 + u. What are the prime factors of v?
2, 3
Suppose -4*d + r = -248, -2*r + 34 + 80 = 2*d. List the prime factors of d.
61
Let u = 3 + -1. Suppose -4*x + 5*a = -6*x + 43, -x + 4*a = 11. Suppose u*m = 3*m - x. List the prime factors of m.
3
Let w be (-1 + 3)/(2/3). Suppose -4*y - c = -2, -w*y - 2 = -2*y - c. Let m(q) = q + 5. What are the prime factors of m(y)?
5
Let u(l) = l**2 + 6*l - 12. Let j be u(8). Let k = j - 58. List the prime factors of k.
2, 3, 7
Let x = 68 - -16. What are the prime factors of x?
2, 3, 7
Let w(o) = -4*o - 10. What are the prime factors of w(-15)?
2, 5
Let a(l) = -l**3 + 8*l**2 + 7*l + 4. List the prime factors of a(8).
2, 3, 5
Let u = -9 + 14. Let k(z) = z**2 - 4*z - 5. Let q be k(u). List the prime factors of q - (-1)/((-2)/(-8)).
2
List the prime factors of ((-6)/3 - 0) + 70.
2, 17
Suppose 210 = 4*n - g - g, 0 = 2*g + 2. Let k = n + -16. List the prime factors of k.
2, 3
Let k(m) = 2*m + 13. Let x be k(9). Suppose -f - 1 = -2*c, -3*c + x = 5*f - c. List the prime factors of f.
5
Suppose -144 + 48 = -4*r. Let u = r - 9. What are the prime factors of u?
3, 5
Suppose -6*b + 8*b - 72 = 0. List the prime factors of b.
2, 3
Let a(v) = 55*v**2 - 8*v + 5. Let i(h) = -37*h**2 + 5*h - 3. Let g(z) = -5*a(z) - 8*i(z). What are the prime factors of g(-1)?
2, 5
Let w = 2 + 1. Let q(p) = 19*p**3 + 2*p**2 - 1. Let v be q(1). Suppose -v = -m - w*m. What are the prime factors of m?
5
Let u(w) = -w. Suppose 0 = -n - n. Let l be u(n). Suppose b - 7 = -5*q, -4*b + l + 10 = 2*q. List the prime factors of b.
2
Let x be (-10)/(-35) - (-88)/(-14). Let o(w) = w + 14. List the prime factors of o(x).
2
What are the prime factors of ((-54)/4)/((-3 - 0)/6)?
3
Let u be 2/(-2) + (-5)/(-1). List the prime factors of (-35)/(u/(3 + -7)).
5, 7
Let o be ((5 - 1) + -3)*0. Let u(z) = -z + 2. Let b be u(-6). Let j = o + b. What are the prime factors of j?
2
Let p = 443 + -307. What are the prime factors of p?
2, 17
Let p = 5 - 10. Let l(u) be the second derivative of -u**3/6 + 2*u**2 + u. What are the prime factors of l(p)?
3
Suppose 2*h - 6*h = -20. Suppose -2*a = -h*c, 2*a = 2*c + 4*a - 14. List the prime factors of c.
2
Suppose -3*k = 22 + 29. Let x be -2 + 1/((-3)/69). Let v = k - x. List the prime factors of v.
2
Let y be (4 - 4)/(0 + -2). Suppose y = -2*r + 7 + 27. List the prime factors of r.
17
Let n = -30 - -58. What are the prime factors of n?
2, 7
Let a be (-5)/(-2)*(-48)/(-30). Suppose m - 27 = 4*i, 2*m = i - 3*i + a. What are the prime factors of m?
7
Let n(w) = -5*w**2 + 10*w + 13. Let k(h) = 2*h**2 - 5*h - 6. Let z(v) = -7*k(v) - 3*n(v). Let u be z(-3). What are the prime factors of u + (3 - (-12 + -1))?
13
Let d be (-4)/6 - (-296)/12. Let h = -8 + 12. Suppose h*f - d + 0 = 0. What are the prime factors of f?
2, 3
Suppose 0 = -t - 4*l + 133, -t - 2*l + 683 = 4*t. What are the prime factors of t?
137
Let y be ((-16)/(-10))/(2/10). Let x = y - 2. What are the prime factors of x?
2, 3
List the prime factors of 556/3 + 6/9.
2, 3, 31
Suppose 4*p = -2*v - 10, 0 = -p - 6*v + 3*v. Let g = p + 7. Suppose 4*i = -4*a - 1 - 7, a - g = -4*i. List the prime factors of i.
2
Let m = -8 + 15. Let a = m + 15. What are the prime factors of a?
2, 11
Let w(y) be the third derivative of -y**3 + 0*y - y**2 + 0 - 5/24*y**4. What are the prime factors of w(-5)?
19
Let t(a) = -a**3 + 6*a**2 + 7*a - 15. What are the prime factors of t(4)?
3, 5
Suppose 2*i - 1080 = -13*i. What are the prime factors of i?
2, 3
Let f(w) = w**3 + w**2 + w + 1. Let q(l) = -5*l**3 - 2*l**2 - 12*l - 15. Let p(n) = -6*f(n) - q(n). What are the prime factors of p(-6)?
3, 5
Let d(v) be the second derivative of -4*v**3/3 - v**2/2 + 3*v. What are the prime factors of d(-1)?
7
Let u(w) = 3*w + 7. Let t be u(-8). What are the prime factors of (t/(-2))/((-2)/(-4))?
17
What are the prime factors of 220/6 + 2*2/(-6)?
2, 3
Let z = 15 - 13. Suppose 2*i = z, -4*d + i + 14 + 81 = 0. What are the prime factors of d?
2, 3
List the prime factors of (-7 - -4) + (-56)/(-1).
53
Let a(d) = d**3 - 3*d**2 + d - 1. Let h be a(3). Suppose h*z - 17 + 3 = 0. Suppose 5 + z = q. What are the prime factors of q?
2, 3
List the prime factors of -4 - -8 - (-2 + -26).
2
Let r(h) = 5*h + 1. Let s be r(-3). Let c = 23 + s. What are the prime factors of c?
3
Let l be (6/4)/(9/30). Suppose 4*d - 4 = -2*a - 2*a, 0 = 3*a + 5*d + l. Suppose f = v - 7, 0*v + 5*f = -a*v + 75. What are the prime factors of v?
11
Let x(y) = -y - 12. Let p be x(-10). Let r = 0 - p. List the prime factors of r.
2
Suppose 549 = 6*y - 249. What are the prime factors of y?
7, 19
Let r(l) = -2*l**3 + 2*l**2 + 3*l - 1. List the prime factors of r(-3).
2, 31
Suppose 7*z - 1146 = -33. List the prime factors of z.
3, 53
Suppose 0 = -3*d - 12, -91 = -3*k + d + 21. What are the prime factors of k?
2, 3
What are the prime factors of (-680)/(-16)*(-4)/(-5)?
2, 17
Suppose -5*r + 455 = -610. What are the prime factors of r?
3, 71
Let g(r) = 2*r + 7. Let q be g(-8). Let t be 2/q + (-364)/(-18). Suppose -t = -4*y - 0*y. What are the prime factors of y?
5
Let y(t) = 4*t + 1. List the prime factors of y(5).
3, 7
Let f(l) = l**3 - 4*l**2 - 5. Let v(y) = -y - 2. Let c be v(-7). List the prime factors of f(c).
2, 5
Let x(h) = 2*h - 8. Let b be 3/(-9) + (-19)/(-3). Let r be x(b). Suppose r*v - 5*v + 8 = 0. List the prime factors of v.
2
Let w(h) = -12*h. Let g(k) = k**3 - k**2 - k - 3. Let u be g(0). What are the prime factors of w(u)?
2, 3
Suppose 3 = 2*y + n - 0, 2*y + 2*n - 2 = 0. Let z = y + 8. List the prime factors of z.
2, 5
Let g(i) = -2*i + 1. Let y(r) = -6*r + 4. Let m(c) = 17*g(c) - 6*y(c). Let s = 2 + 4. What are the prime factors of m(s)?
5
Let w = -4 + 3. Let k = 0 + w. List the prime factors of 6*(-3)/(-5 + k).
3
Let i(j) = -j + 2. Suppose -5*t + 3*t = -4. Let u be i(t). Suppose -y = -u*y - 7. List the prime factors of y.
7
Suppose -6*h = -31 - 35. List the prime factors of h.
11
Suppose 5*i + 82 = 227. List the prime factors of i.
29
Suppose 0*v - 3*v + 18 = 0. Suppose -4*j + 2*y + 22 = 0, 2*j - y - v = y. List the prime factors of j.
2
Let r(b) be the first derivative of -4*b + 2 + 1/4*b**4 + 2*b**3 + b**2. What are the prime factors of r(-5)?
11
Let u(s) = 2*s**2 - 2*s + 3. Let h be u(5). Let x = h + -29. What are the prime factors of 15/2 + (-7)/x?
7
What are the prime factors of (-282)/(-26) - 4/(-26)?
11
Let p = 47 + -22. Let q be 5 + 39/(-12) + 9/(-12). Suppose 2*h = -q + p. List